ivisor of 20910 and 205?
205
Calculate the greatest common factor of 297 and 253.
11
What is the highest common factor of 2519 and 11?
11
Calculate the highest common factor of 166 and 7802.
166
What is the highest common factor of 23235 and 30?
15
What is the highest common divisor of 6063 and 258?
129
What is the greatest common divisor of 1 and 4153?
1
Calculate the highest common divisor of 12152 and 992.
248
Calculate the greatest common factor of 45 and 570.
15
Calculate the highest common factor of 41 and 29479.
41
Calculate the highest common divisor of 148 and 962.
74
Calculate the greatest common factor of 2445 and 75.
15
What is the highest common factor of 344 and 28552?
344
What is the greatest common factor of 3 and 125?
1
What is the highest common factor of 242 and 352?
22
What is the greatest common divisor of 43 and 43?
43
Calculate the highest common factor of 44 and 6644.
44
What is the greatest common divisor of 7371 and 1911?
273
What is the greatest common divisor of 986 and 1020?
34
What is the greatest common divisor of 5363 and 519?
173
Calculate the greatest common divisor of 35586 and 108.
54
Calculate the greatest common factor of 36 and 8028.
36
Calculate the highest common factor of 388 and 4.
4
Calculate the highest common divisor of 91 and 119.
7
What is the greatest common factor of 1245 and 3?
3
What is the greatest common divisor of 5 and 5015?
5
What is the greatest common factor of 183 and 6?
3
What is the greatest common factor of 62 and 248?
62
Calculate the greatest common factor of 2015 and 10.
5
What is the highest common divisor of 8968 and 95?
19
What is the greatest common factor of 11 and 19679?
11
What is the greatest common factor of 18 and 9414?
18
What is the highest common divisor of 99 and 88?
11
Calculate the greatest common factor of 9 and 4554.
9
Calculate the highest common factor of 14052 and 156.
12
What is the highest common divisor of 765 and 3995?
85
What is the greatest common factor of 1695 and 30?
15
What is the highest common factor of 15 and 165?
15
What is the highest common divisor of 448 and 14?
14
Calculate the greatest common factor of 91 and 1064.
7
What is the highest common factor of 9962 and 34?
34
What is the greatest common divisor of 377 and 26?
13
What is the greatest common factor of 1775 and 3195?
355
What is the highest common factor of 16 and 112?
16
Calculate the highest common divisor of 8 and 28.
4
Calculate the greatest common factor of 583 and 53.
53
Calculate the greatest common factor of 35638 and 206.
206
Calculate the greatest common divisor of 22 and 38082.
22
Calculate the greatest common factor of 2261 and 833.
119
Calculate the greatest common divisor of 222 and 54.
6
What is the greatest common divisor of 228 and 3496?
76
What is the highest common divisor of 1463 and 266?
133
Calculate the greatest common divisor of 2136 and 48.
24
What is the greatest common divisor of 119768 and 88?
88
Calculate the highest common divisor of 525 and 975.
75
Calculate the greatest common divisor of 74 and 11655.
37
What is the greatest common factor of 54 and 2142?
18
Calculate the highest common factor of 609 and 232.
29
Calculate the highest common factor of 98 and 2856.
14
Calculate the highest common factor of 1647 and 2684.
61
What is the highest common factor of 10 and 290?
10
Calculate the highest common factor of 161 and 667.
23
Calculate the highest common divisor of 4350 and 4930.
290
Calculate the highest common factor of 15 and 53355.
15
What is the greatest common factor of 533 and 41?
41
Calculate the highest common factor of 27 and 1197.
9
What is the greatest common divisor of 14635 and 5?
5
What is the highest common factor of 442 and 3434?
34
What is the greatest common factor of 64 and 304?
16
Calculate the highest common factor of 3306 and 12.
6
What is the greatest common factor of 88 and 64?
8
Calculate the highest common factor of 10 and 1850.
10
What is the greatest common divisor of 1183 and 224?
7
Calculate the highest common factor of 3 and 489.
3
Calculate the highest common divisor of 2 and 146.
2
What is the highest common divisor of 110 and 160?
10
What is the greatest common factor of 18466 and 42?
14
What is the highest common factor of 1829 and 59?
59
Calculate the greatest common divisor of 16 and 3704.
8
Calculate the highest common factor of 12100 and 11.
11
Calculate the highest common factor of 670 and 10.
10
What is the highest common divisor of 12865 and 310?
155
Calculate the highest common divisor of 56 and 2149.
7
Calculate the highest common factor of 34 and 4692.
34
Calculate the greatest common divisor of 91 and 104.
13
Calculate the greatest common factor of 8 and 40.
8
Calculate the highest common divisor of 40 and 8.
8
Calculate the highest common divisor of 680 and 80.
40
Calculate the greatest common divisor of 2880 and 180.
180
What is the highest common factor of 152 and 8?
8
What is the greatest common divisor of 12 and 12?
12
What is the greatest common divisor of 837 and 108?
27
What is the highest common divisor of 152 and 8?
8
What is the highest common divisor of 50 and 49150?
50
What is the highest common divisor of 45 and 20835?
45
What is the greatest common factor of 39 and 4212?
39
Calculate the greatest common divisor of 16 and 80.
16
Calculate the greatest common divisor of 44 and 68.
4
What is the highest common divisor of 14 and 896?
14
What is the highest common divisor of 517 and 22?
11
Calculate the greatest common divisor of 80 and 1280.
80
Calculate the highest common factor of 77 and 539.
77
Calculate the greatest common divisor of 135 and 75.
15
Calculate the highest common factor of 270 and 90.
90
What is the highest common factor of 448 and 168?
56
Calculate the greatest common divisor of 350 and 140.
70
Calculate the highest common divisor of 32 and 22688.
32
What is the highest common divisor of 2316 and 193?
193
Calculate the greatest common divisor of 14886 and 18.
18
Calculate the highest common divisor of 260 and 360.
20
Calculate the greatest common divisor of 76 and 380.
76
What is the greatest common factor of 61083 and 99?
99
Calculate the greatest common factor of 6296 and 8.
8
What is the greatest common factor of 50 and 875?
25
What is the greatest common factor of 123 and 3?
3
Calculate the greatest common divisor of 297 and 528.
33
Calculate the highest common divisor of 195 and 1820.
65
Calculate the greatest common factor of 6 and 183.
3
What is the greatest common factor of 16 and 384?
16
Calculate the highest common divisor of 6943 and 159.
53
What is the highest common divisor of 21312 and 192?
192
Calculate the highest common divisor of 38 and 5662.
38
What is the highest common divisor of 5892 and 12?
12
What is the greatest common factor of 48552 and 168?
168
What is the greatest common divisor of 25 and 2555?
5
What is the greatest common factor of 81 and 1728?
27
What is the highest common factor of 531 and 9?
9
What is the highest common divisor of 372 and 837?
93
What is the highest common factor of 6900 and 75?
75
Calculate the highest common divisor of 99 and 333.
9
What is the greatest common factor of 98 and 784?
98
Calculate the highest common divisor of 282 and 27213.
141
Calculate the greatest common factor of 120 and 216.
24
Calculate the greatest common divisor of 90 and 420.
30
Calculate the highest common divisor of 31 and 217.
31
What is the greatest common divisor of 672 and 63?
21
Calculate the highest common divisor of 4495 and 29.
29
Calculate the greatest common factor of 18 and 477.
9
What is the highest common divisor of 2160 and 100?
20
Calculate the highest common divisor of 1100 and 55.
55
What is the highest common factor of 7 and 5593?
7
Calculate the highest common divisor of 35 and 112.
7
Calculate the highest common factor of 6 and 1038.
6
What is the greatest common divisor of 14343 and 21?
21
What is the greatest common divisor of 200 and 175?
25
What is the highest common divisor of 116 and 21460?
116
Calculate the greatest common factor of 39 and 16419.
39
What is the greatest common divisor of 1588 and 8?
4
What is the highest common divisor of 165 and 105?
15
What is the highest common factor of 1716 and 2112?
132
What is